-528*j - 3. Let b = 458 - 460. What is the hundreds digit of r(b)?
0
Let o = 34 - -104. Let g = 847 - o. What is the units digit of g?
9
Suppose -5*f - o + 0*o = 539, -3*f = 5*o + 341. Suppose -4*i = 4*r + 192, 2*i + 243 = 114*r - 119*r. Let j = r - f. What is the tens digit of j?
5
Suppose 5*m + 0*m - 4*c = 18, -4*m - 5*c + 39 = 0. Suppose m*k = -18, 4*n - 5*k = 177 + 342. What is the units digit of n?
6
What is the thousands digit of 13*((-35925)/20)/15*-4?
6
Suppose 2*z + z - 12 = 0. Let d(p) = p - 1. Let a be d(z). Suppose 0*k = -5*k + 20, -a*k = -3*l + 189. What is the tens digit of l?
6
Let b(h) = -868*h + 129. What is the hundreds digit of b(-7)?
2
Let u = 28205 - -638. What is the thousands digit of u?
8
Let b = 57 - -6077. What is the tens digit of b?
3
Suppose 51*g + 15052 = 52*g - 5*b, 5*b = -4*g + 60408. What is the ten thousands digit of g?
1
Let n = 16631 - 4266. What is the thousands digit of n?
2
Suppose -38*r = -60*r - 71*r + 93279. What is the units digit of r?
3
Let t(h) = -2*h**2 + h - 1. Let q(r) = -9*r**2 - 41. Let i(o) = q(o) - 5*t(o). Let l be 13 + (2 - (2 + -2)). What is the tens digit of i(l)?
1
Let n = 1526 + 773. What is the units digit of n?
9
Let k(z) = -z**3 - 12*z**2 - 18*z + 20. Let t be ((-87)/58)/((-6)/(-40)). Let s be k(t). Suppose -5 = -a - s, 3*a + 174 = 3*f. What is the tens digit of f?
6
Let r be 3 + (1 - 9) + 374. Let k = r - 122. What is the hundreds digit of k?
2
Suppose 5*f - 60858 = 4*i, 0*f + 2*f - 24334 = -3*i. What is the ten thousands digit of f?
1
Let l be (63/(-54))/(2/(-12)). Suppose -l*c + 4*c + 541 = -4*z, 5*c = -2*z + 893. What is the tens digit of c?
7
Let a(j) be the third derivative of j**6/72 + 23*j**5/120 + 3*j**4/4 + 19*j**2. Let s(l) be the second derivative of a(l). What is the units digit of s(8)?
3
Suppose -8 = -s - 2*f, 2*s + 2*f = 6*s - 2. Suppose -5*o - h + 450 = -625, s*h - 224 = -o. What is the hundreds digit of o?
2
Let r = 526 + -949. Let y = r + 523. What is the tens digit of y?
0
Let a(q) = 3*q**2 + 24*q - 89. Let r be a(4). Suppose 0 = -r*k + 50*k + 175. What is the units digit of k?
5
Let t(r) = 382*r**2 + 29*r + 19. What is the thousands digit of t(-2)?
1
Suppose 154*l - 4636472 + 3831934 = 5968844. What is the ten thousands digit of l?
4
Suppose -18*m + 14*m = 5*c - 5002, -m = 2*c - 1999. What is the hundreds digit of c?
9
Suppose 200*z - 369*z = -7495150. What is the tens digit of z?
5
Let j = -10677 - -20401. What is the tens digit of j?
2
Suppose 3*d + 2*d = -2*b + 14, 5*b = 3*d + 4. Let p be (b/(-8) + (-14661)/(-180))*5. Suppose -9*y + 16*y - p = 0. What is the units digit of y?
8
Suppose 1618 - 4372 = -27*f. Let b be (0 + -19)/((-2)/14). Let g = b - f. What is the units digit of g?
1
Let a(z) = -z**3 - 11*z + 9*z**2 + 3*z**2 - 2*z**3 + 2*z**3 - 24. Let w be a(10). Suppose -2*r + 2*h = -w - 64, -r = h - 61. What is the tens digit of r?
6
Suppose -4*h = -5*u - 67163, -11693 = -2*h - 5*u + 21866. What is the ten thousands digit of h?
1
Let o(i) = -5*i - 37. Let v be o(-4). What is the units digit of 2/v - (-7244)/17?
6
Suppose -4 = 2*v, 5*v - 414 = 4*n - 5*n. Suppose n - 1149 = -5*s. Suppose -6*y + y = -2*w + s, -w - 4*y = -66. What is the units digit of w?
0
Let x be -5 + 296/56 + 4/(-14). Let o(u) = 3*u + 405. What is the hundreds digit of o(x)?
4
Suppose 0 = p + 178 + 80. Let c(g) = -3*g**2. Let s be c(1). What is the units digit of ((-1)/s)/((-1)/p)?
6
Suppose -37*t = -107*t + 754250. What is the hundreds digit of t?
7
Let h(f) = 56*f - 7. Let j(l) be the second derivative of -28*l**3/3 + 7*l**2/2 - 3*l. Let n(o) = 5*h(o) + 6*j(o). What is the units digit of n(-2)?
9
Let y = -3 + 6. Suppose -117 = -2*n + 3*d - 105, 5*n = -5*d - 45. What is the tens digit of 254/(y + n/3)?
2
Suppose 14199 = 46*z - 27201. What is the tens digit of z?
0
Let k = 36 - 75. Let m = k - -34. Let j = m + 61. What is the units digit of j?
6
Let w(x) = -x**2 - 5*x - 6. Let l be w(-2). Let n be (-18)/36 + 367/2 + l. Let s = -113 + n. What is the units digit of s?
0
Let k be -3*(-5)/(-45)*-54. Suppose 0 = -5*z + 25, u - 2*z = -k - 40. Let d = 260 + u. What is the units digit of d?
2
Let v = -5 - -9. Let s(d) = -7*d**3 + 13*d**2 - 42*d - 46. Let i be s(5). What is the tens digit of (v/12)/(i/(-402) - 2)?
6
What is the tens digit of (-712)/(-1780) + (-113636)/(-10)?
6
Suppose 4 + 8 = 3*c. Suppose -c*h = 5*n - 101, 3*n = -11*h + 15*h - 125. What is the units digit of h?
9
Let g(j) be the first derivative of j**3 + 8*j**2 - 4*j - 3. Let a be g(-7). Suppose 7*h = a + 60. What is the units digit of h?
3
Suppose q - 33297 = 5*i, 2*q + 2*i + 28214 - 94832 = 0. What is the tens digit of q?
0
Let l(z) = 6*z**3 - z**2 + z - 8. Let y = 96 + -92. Let f be l(y). Let b = 510 - f. What is the tens digit of b?
4
Suppose 6*z + 82193 = 237737. What is the hundreds digit of z?
9
Let f = -5096 + 5232. What is the units digit of f?
6
Let h(k) = -k**2 + 17*k - 24. Let t be h(16). Let c = -6 - t. Suppose -90 = -f + c. What is the tens digit of f?
9
Let m(g) = g**3 - 16*g**2 - 50*g - 40. Let o be m(22). Suppose 39*y + o = 42*y. What is the hundreds digit of y?
5
What is the tens digit of (-31)/35 + 12/42 - 6349854/(-465)?
5
Let v = -46 - -46. Suppose -2*w - 5*i = 2*w + 5, v = -4*w + 5*i + 5. Suppose w = -4*a + 7*a - 333. What is the units digit of a?
1
Let j(i) = -i**2 + 71*i - 24. Let g be j(40). Let m = g + -796. What is the units digit of m?
0
Suppose 11*a - 3*a - 27257 = 1183. What is the tens digit of a?
5
Suppose -19 = -d - 4*r - 5, -5*d - 2*r = -16. Let s(m) = 26*m + 68. Let k be s(4). Suppose -d*u - n - 2*n = -116, -5*n = 3*u - k. What is the units digit of u?
4
Let q(j) = -4. Let p(z) = -z + 12. Let i(y) = -6*p(y) - 17*q(y). Let c be i(1). Suppose -c = u, -2*u - 20 = -2*x - u. What is the units digit of x?
9
Let p = 4568 - -244. Suppose -21*n = -17*n - p. What is the thousands digit of n?
1
Suppose 7*o - 169 + 43 = 0. Suppose 3968 = o*p + 13*p. What is the hundreds digit of p?
1
Suppose 0 = 3*m + c - 33582, 51934 = 3*m + 3*c + 18352. What is the hundreds digit of m?
1
Let o be (6 - -3568)/(-4 + 5). Let v = o + -2011. What is the units digit of v?
3
Suppose 0 = -13*o - 9*o + 42240. What is the units digit of o?
0
What is the tens digit of 24/(10 + -18) + 3632/1?
2
Let u(q) be the second derivative of -q**3/3 + 44*q**2 + 32*q. Suppose 0 = 4*w + w. What is the units digit of u(w)?
8
What is the hundreds digit of (-90)/72 - 60255/(-12)?
0
Let j = 11159 - 7173. What is the hundreds digit of j?
9
Let t = 942 - 474. Suppose -4*s + 75 = 3*r, r + 3*s = -14 + 49. Suppose r*l - 21*l = -t. What is the units digit of l?
7
Suppose 4*n + 31 - 231 = 0. Let s be -2 - (-7 + (1 - -1 - 2)). What is the tens digit of 4720/n - (-3)/s?
9
Suppose 2*o - 173 = -2*o - g, -2*o - 2*g + 82 = 0. Suppose 4*j = 4*i - o, 5*j = -i - 11 - 8. Suppose -406 + 1822 = i*f. What is the tens digit of f?
3
Let y = -5036 + 12646. What is the units digit of y?
0
Let n = 125274 + -68147. What is the thousands digit of n?
7
Let k(y) = -y**3 + 15*y**2 - 13*y - 14. Let j be k(14). Let t be (-60)/(-40)*(30 + j). Let h = 271 - t. What is the hundreds digit of h?
2
Suppose 5*n + 4 = 19. Let f(y) = 19*y**3 + 3*y**2 + 6*y - 6. Let t be f(n). Let c = t + -383. What is the hundreds digit of c?
1
Let h = 50404 - 24082. What is the ten thousands digit of h?
2
Suppose -79 = 4*v - 55, 5*t - 273983 = -2*v. What is the hundreds digit of t?
7
Let w(q) = -377*q - 15. Let h be w(-5). Suppose 5*d + 4*n - 1872 = 7*n, -5*n - h = -5*d. What is the units digit of d?
5
Let x = -6771 - -18739. What is the thousands digit of x?
1
Let o(d) = 243*d - 85. Let y(v) = 4*v**3 + v**2 - 1. Let q be y(1). What is the tens digit of o(q)?
8
Suppose 0 = -7*l + 7037 - 919. Let r = l - 373. What is the tens digit of r?
0
Let l be (4/10)/(14/420). Suppose 5400 = -l*b + 24*b. What is the units digit of b?
0
Let o = -7697 - -12424. What is the thousands digit of o?
4
What is the hundreds digit of (((-44)/36)/11)/(-1) - (-572978)/63?
0
Suppose 17*f = -10*f + 108. Let a = f + 379. What is the hundreds digit of a?
3
What is the tens digit of (-5640)/3290*((-24626)/4 + 0)?
5
Let z = -37 + 86. Let w = 52 - z. Let x(f) = 16*f**2 - 12*f + 5. What is the hundreds digit of x(w)?
1
Let j(p) = -p**2 -